= 3*i - 63, 0 = -4*w + h*i + 48. Calculate the remainder when 33 is divided by w.
16
Suppose 5*c = 2*x - 11, x - 13 = -0*x + c. What is the remainder when 70 is divided by x?
16
Suppose -r - 4*r - 5*c = 5, 4*c = 4*r - 20. Let o be (3/(-2))/((-3)/(-20)). Calculate the remainder when (-50)/15*12/o is divided by r.
0
Let h(l) = 2*l**2 + 12*l + 33. What is the remainder when h(-10) is divided by 23?
21
Let j(w) = w + 1. Let t be j(2). What is the remainder when 10 is divided by t/((-6)/16*-2)?
2
Let m(w) be the third derivative of 0*w - 2*w**3 - 1/60*w**5 + 0 - 3*w**2 - 11/24*w**4. Calculate the remainder when 35 is divided by m(-8).
11
Suppose 2*m + 84 = 14*m. What is the remainder when 17 is divided by m?
3
Suppose 0 = -4*h - 3 - 1, -5*h = -z + 23. Let y = -4 + 4. What is the remainder when 3*140/12 + y is divided by z?
17
Let c(u) = -u**2 + 2*u + 5. Let g be c(0). Suppose -2*n = 5*d - 5*n - 33, -d - g*n + 1 = 0. What is the remainder when 10 is divided by d?
4
Let o = 74 - 48. Calculate the remainder when 50 is divided by o.
24
Let a(c) = -c**3 + c**2 - c + 2. Let b be a(0). Suppose 0 = -p + 4, -2*j + 6*p - b*p = 6. Calculate the remainder when 13 is divided by j.
3
Let j be 2/(-1) - (0 - 25). Suppose 5*x - 4*x = j. What is the remainder when x is divided by 12?
11
Suppose 40 = 4*s - 5*a + 3, -10 = 2*a. Let x be (-78)/(-2) + -3 + s. What is the remainder when 50 is divided by x/(-2)*10/(-15)?
11
Suppose -2*f = 3*o - 33, 3*f = o - f + 3. What is the remainder when 32 is divided by o?
5
Suppose -3*z + 38 = -5*l, z + 2*l - 16 = -3*z. Let b = 4 + 2. Suppose -11 - b = -w. What is the remainder when w is divided by z?
5
Let d(i) be the second derivative of i**5/20 - i**4/4 + i**3/2 - i**2/2 - 2*i. What is the remainder when d(3) is divided by 3?
2
Calculate the remainder when (-100)/(-7) + (-4)/14 is divided by 1 + (-1)/2*(-16)/2.
4
Suppose 0 = -4*b + 2*j - 18, 0 = -b + 2*b + j - 3. Let u(c) = -c**3 + 3*c + 1. Let v be u(-2). What is the remainder when -26*v/(-1 + b) is divided by 9?
8
Let t = -2 + 21. Suppose t = -3*f + 106. What is the remainder when 56 is divided by f?
27
Suppose -2*a + 0*a = 0. Suppose t - 5*t - 52 = a. Let s = t - -34. What is the remainder when s is divided by 11?
10
Let n(c) = -2*c + 22. What is the remainder when 25 is divided by n(7)?
1
Suppose -5*o = 3*d - 339, 4*o + d - 166 = 108. Calculate the remainder when o is divided by 14.
13
Let c = 10 - -9. Let d(g) = g**2 + 4*g - 5. Calculate the remainder when c is divided by d(-6).
5
Suppose 0 = -5*r + 8 + 17. Suppose -3*o + 52 = 4*l, r*l - 16 = -3*o + 46. Calculate the remainder when 58/(-4)*(-2)/1 is divided by l.
9
Suppose 0 = -5*y + 2*h + 87, 5*y - 3*h = 35 + 53. Let m = -11 + y. Calculate the remainder when m is divided by 4.
2
Suppose 4*g - 8 = 5*p + 11, 3*g = 2*p + 9. Calculate the remainder when 2 is divided by g.
0
Let w = 5 - -3. Let v = -3 + 5. Suppose v*m - 52 = -2*m + 4*h, -3*m + h = -41. What is the remainder when m is divided by w?
6
Let z be (-8)/6*6/(-4). Suppose 0 = -5*q + 79 - 4. Suppose -q = -2*h - 5, 0 = 5*n - z*h - 65. What is the remainder when n is divided by 8?
7
Suppose -2*k = -0*n - 4*n, 0 = -5*k + 3*n + 21. Suppose 3*j = j + k. Calculate the remainder when (7 - 3)/(2*(-2)/(-8)) is divided by j.
2
Let j = -7 + 8. Calculate the remainder when (3*50/3)/j is divided by 17.
16
Suppose 4*n = -0*n + 12. Let w = 10 + -8. Let b = n - w. What is the remainder when 1 is divided by b?
0
Suppose 0 = 4*m - 30 - 110. Calculate the remainder when m is divided by 12.
11
Let b = 1 - -22. What is the remainder when 135 is divided by b?
20
Suppose -5*x = -9*x + 48. Calculate the remainder when 59 is divided by x.
11
Suppose 0*c - c + 34 = 0. Calculate the remainder when c - (0 + -3 + 0) is divided by 13.
11
Let m(z) be the first derivative of 2*z + 5/2*z**2 - 2. What is the remainder when m(2) is divided by 7?
5
Suppose 0 = 37*w - 39*w + 50. What is the remainder when w is divided by 7?
4
Suppose -1215 = 16*k - 25*k. Calculate the remainder when k is divided by 23.
20
Let b = -1 + 1. Let d = 28 - b. Let p = d + -12. What is the remainder when 30 is divided by p?
14
Let m = -1 - -5. Suppose 4*p - 106 = -5*h, 2*h + 2*p = m*h - 28. What is the remainder when h is divided by 10?
8
Let c(h) = h**2 + 1. Let u be (-338)/(-7) + (-4)/14. Suppose -2*v - 67 + 5 = -3*n, -2*n + u = -3*v. What is the remainder when n is divided by c(3)?
8
Suppose 25*z - 21*z - 116 = 0. What is the remainder when z is divided by 8?
5
Suppose -4 + 15 = f. Calculate the remainder when f is divided by 1*2*15/5.
5
Suppose -3*b - v - 53 = 0, -b - 6*v = -4*v + 11. Let h = 38 + b. What is the remainder when h is divided by 7?
5
Suppose 2*n - 3*m - 7 = 0, 8*n - 4*m = 12*n - 44. What is the remainder when 142 is divided by n?
6
Let v(x) = -x**3 - 18*x**2 - 18*x + 17. Calculate the remainder when v(-17) is divided by 6.
4
Let p(h) = -h**3 + 13*h**2 - 10*h - 12. Calculate the remainder when p(12) is divided by 4.
0
What is the remainder when 1 is divided by 3/(-6) - (-6)/4?
0
Let i(l) = 2*l**2 + 5*l + 23. What is the remainder when i(-10) is divided by 35?
33
Let d(f) = f - 1. What is the remainder when d(4) is divided by 3?
0
What is the remainder when (-1404)/(-48)*(0 - -4) is divided by 30?
27
Suppose -11*u = -8*u - 9. What is the remainder when 11 is divided by u?
2
Let g(h) = -2*h - 5. Let z = 20 - 28. What is the remainder when 32 is divided by g(z)?
10
Suppose 0 = -4*w + h + 3*h + 44, -5*w + 40 = -2*h. Suppose 3*s - s = 58. Let x = s + -18. What is the remainder when x is divided by w?
5
Let u(c) = 5*c - 30. What is the remainder when 26 is divided by u(9)?
11
Suppose a - 3 = 4. What is the remainder when 11 is divided by a?
4
Suppose -s = -2*s + 2. Let a = s + -4. Let q(r) = 4*r**2 + r - 1. What is the remainder when 37 is divided by q(a)?
11
Suppose -168 - 56 = -4*s. Suppose -3*d + 3 = 0, -d = -4*x + d + 290. Suppose 0 = -3*v + 4*c + x, 0 = c - 1 + 5. What is the remainder when s is divided by v?
18
Suppose u - 3*l = 568, 0 = 2*u + 3*u - 2*l - 2866. Suppose 4*v + u = 2*g, -5*v - 690 - 30 = -3*g. Calculate the remainder when v/2*(-8)/12 is divided by 16.
15
Let s = 205 + -71. What is the remainder when s is divided by 17?
15
Suppose 6*s - 10 = 2. Suppose 5*u - 10 = -0. Calculate the remainder when s is divided by u.
0
Let l(f) = -f**3 + 2*f**2 + 6*f - 1. What is the remainder when 82 is divided by l(3)?
2
Suppose 4*g - 213 = -n + 2*n, -2*g = -3*n - 109. What is the remainder when -4*g/(-8)*2 is divided by 18?
17
Suppose -2*u = -4*d - 6*u + 236, 3*d - 195 = 3*u. What is the remainder when d is divided by 14?
6
Suppose -39 - 126 = -5*f. Suppose -f - 12 = -d. Suppose -d = -2*v - v. Calculate the remainder when 29 is divided by v.
14
Suppose -4*m - 2 - 2 = 0. Let x(o) = -29*o**3 - o**2 - 2*o - 1. Calculate the remainder when x(-1) is divided by 3 + 14 + -1 + m.
14
Let o = -45 + 90. What is the remainder when o is divided by 25?
20
Let y = 81 + -8. What is the remainder when y is divided by 15?
13
Let t(q) = -q**3 - 3*q**2 + 4*q + 5. Calculate the remainder when 13 is divided by t(-4).
3
Let a(m) = -m**3 - 4*m**2 - m + 2. Let s be a(-3). Let o = 16 + s. Calculate the remainder when 47 is divided by o.
11
Let c be (0 + 1)/(-2 - -1). Let t = 18 - c. Suppose 5 - 27 = -2*v. What is the remainder when t is divided by v?
8
Suppose k = 3*u + 18, -2*u - 2*u - 15 = -k. Let x = k + -15. What is the remainder when x is divided by 7?
5
Let n be 33/2*(-2)/(-3). Suppose 1 + n = 3*l. Suppose 4*b = 3*b - 5*u - 9, -3*u = 12. Calculate the remainder when b is divided by l.
3
Suppose -2*i = -7*i + 2*y + 35, -3*i = -5*y - 40. Suppose 4*g = i*r + 13, -g - 3*r = 2*g - 30. What is the remainder when 20 is divided by g?
6
Let b(w) = 8*w. Let j = 0 - -2. Calculate the remainder when b(j) is divided by 9.
7
Let j(u) = -u**2 - 11*u - 3. What is the remainder when 26 is divided by j(-10)?
5
Let n be -9*((-10)/6 + 1). Let b = 2 + n. Calculate the remainder when 15 is divided by b.
7
Suppose -4*t - s = 4*s + 107, -4*t - s = 127. Let c = t - -49. Calculate the remainder when c is divided by 6.
4
Let y(u) = -u**2 - 3*u + 1. Suppose -t - 2*n = 2*t + 16, 8 = t - 2*n. What is the remainder when 6 is divided by y(t)?
0
Let o(d) = d - 3. Let